 -3*b - s - 5. What is the units digit of p(b)?
4
Let y(v) = 228*v + 26. What is the tens digit of y(4)?
3
Let f be -1 + -1 + (-2 - -23). Suppose 19*h - 14*h - 70 = 0. Let k = h + f. What is the units digit of k?
3
What is the units digit of (-4400)/(-96) + 5/(-6)?
5
Suppose 0 = g - 3*f - 395, 3*g + 4*f - 1341 + 169 = 0. What is the units digit of g?
2
Let d be 3/(45/(-12) - -3). Let p be (-2)/d*0/1. Suppose 3*o + 4*j - 8 = -p*j, 0 = -o - 4*j. What is the units digit of o?
4
Let p(r) = -r**3 - 4*r**2 + 5*r - 48. What is the hundreds digit of p(-16)?
9
Suppose -10 = -4*v + 9*v. Let l be (4 - v)/(-3)*-1. Suppose -3*d - 130 = -l*s + d, 3*d + 240 = 4*s. What is the units digit of s?
7
What is the tens digit of 6/4*16350/45?
4
Let n(t) = -t**2 + 43*t + 128. What is the units digit of n(0)?
8
Let m be (4/2 + 0)/2. Suppose n + m = -6. Let u(y) = y**3 + 6*y**2 - 9*y. What is the units digit of u(n)?
4
Suppose 68 = -4*h - 5*k, 3*k = -h - k - 28. What is the units digit of h/54 - 222/(-27)?
8
Let t = 161 - -130. What is the hundreds digit of t?
2
Let y(f) be the first derivative of 89*f**2/2 - 28*f - 20. What is the units digit of y(3)?
9
Let i be (-2 + -1)*22/(-33). Suppose -4*t - t = 25, 0 = -i*n - 3*t + 181. Suppose -p - 4*p + 92 = 4*k, 2*p - n = -5*k. What is the tens digit of k?
1
Let c = -145 - -256. What is the units digit of c?
1
Suppose 6636 = 4*x + 3*x. Suppose -2*l + 4*p + 470 = 0, 9*p - 5*p + x = 4*l. What is the hundreds digit of l?
2
Let q = 62 - 65. What is the units digit of (-6)/9 - 443/q?
7
Let w(n) = n - 6. Let y be w(9). Let t be 5*(y/15 + -1). What is the units digit of 3 - (t + 2 + 2)?
3
Suppose 2*j + 20 = 6*j. Suppose j*x - 132 = 78. What is the tens digit of x?
4
Suppose 0 = m - 7 - 1. Suppose -76 = -2*n + m. What is the tens digit of n?
4
Suppose -2830 = -47*o + 45*o. What is the units digit of o?
5
Suppose -t + 0*t - 13 = 2*k, 5*t + k + 20 = 0. What is the units digit of -1*582/12*(t + 1)?
7
Let i be -1 - -1 - (-7 - -2) - 2. Suppose -3*k + 454 = -2*r, 2*r - 37 = -i*k + 433. What is the tens digit of k?
5
Suppose 13*d = 19*d - 60. Let b(z) = -z**3 + 11*z**2 - 3*z - 1. What is the units digit of b(d)?
9
Let o be 20*((-36)/16 + 3). Let a = -12 + o. Suppose -a*c + 24 = -2*c. What is the units digit of c?
4
Let t(r) = 47*r - 7. Let h(n) = n**2 - 6*n - 5. Let m be h(7). What is the tens digit of t(m)?
8
Let y(p) = -3*p - 17. Let o be y(-9). Let q = o + -62. What is the units digit of (1 - -1)/((-8)/q)?
3
Let f = 2588 + -1398. What is the hundreds digit of f?
1
Suppose -3*d = 50 + 10. Let y be -3 + 1 - (d + 4). Suppose f = 4*m + y, 4*m + 0*m = 5*f - 22. What is the units digit of f?
2
Let n = -1312 - -2004. What is the hundreds digit of n?
6
Let y = 22 + -20. Suppose x + y = -8. Let h = x + 51. What is the units digit of h?
1
Let x be 306/(-4)*6/(-9). Suppose c - 3 = 2*t, x = 5*c - 0*t - t. What is the tens digit of c?
1
Let h = -58 + -33. Let g = -20 - h. What is the units digit of g?
1
Suppose -114 = -w + 277. What is the hundreds digit of w?
3
Let w(d) = -d - 6. Let x be w(-9). Suppose j = 5*r - 24, -x*r + 5*j + 5 = -5. Suppose -4*f + 12 = 0, -r*f - 29 = -5*u + u. What is the tens digit of u?
1
Let p(c) = c**3 + 12*c**2 + 9. What is the units digit of p(-5)?
4
Suppose x = 3*x - 40. Suppose -x = -8*u + 3*u. Suppose 0*l + u*l = 96. What is the units digit of l?
4
Let s(o) = 4*o**2 + 8*o. What is the tens digit of s(12)?
7
Let h(c) = -c**3 + c. Let w be h(-1). Suppose w = -7*n + 230 + 106. What is the units digit of n?
8
Let h = -71 + 125. Suppose b - 4*b = h. Let p = 57 + b. What is the tens digit of p?
3
Suppose -i + 40 = 3*i. Let r = 93 + 5. Suppose 4*t + r = 5*d, 0*t = 5*t + i. What is the tens digit of d?
1
Suppose 7*g - 29 = 2*g - 3*z, 3*g + 5*z = 27. Let s(f) = f**2 - 8*f. Let r be s(g). What is the units digit of 12/r*(-8)/3?
2
Let j(d) = -19*d**3 - 3. Let s be j(-3). Suppose 5*p - 4*y + 7*y = 640, -s = -4*p - 2*y. What is the units digit of p?
5
Suppose -6 = -3*x + x - 3*s, 2*s = 5*x - 15. Suppose -n = -5*n + x*y + 227, 2*y = -2. What is the tens digit of n?
5
Let y be (24/15)/(9/45). What is the units digit of 5*-1 + (y - -127)?
0
Suppose 0*w + 6 = -5*x + 3*w, 2*x = 2*w. Let q = 1 - x. Suppose h + 140 = 4*j, j + q*j - 154 = -4*h. What is the units digit of j?
4
Let s = -59 - -362. What is the units digit of s?
3
Let p = -83 - -142. What is the tens digit of (-2 + p)*2/3?
3
Let l(z) = -z**2 + 6*z. Let h be l(6). What is the units digit of h/2 + (-2)/(-2)?
1
Let j be (-1)/2*-2*2. Let t be ((-2)/(-6))/(3/36). Let z = t - j. What is the units digit of z?
2
Let k be 90/(((-3)/1)/(-3)). Let a = k + -22. What is the units digit of a?
8
What is the hundreds digit of -8 + 19 + (3 - -2526)?
5
Let b(o) = -21*o - 31. Let t = 56 - 65. What is the tens digit of b(t)?
5
Let b(j) be the second derivative of -j**5/20 - j**4/4 + 7*j**3/6 + 11*j**2/2 - 7*j. What is the tens digit of b(-6)?
7
Let q(w) = -4*w - 3. Let h be q(-3). Suppose -34 = 2*r + 10. Let n = h - r. What is the tens digit of n?
3
What is the tens digit of 1992/(((-16)/1)/(-8))?
9
What is the hundreds digit of 1/(-4) + -1611*8/(-96)?
1
Let g(v) be the first derivative of -v**4/4 - v**3 + 7*v**2/2 + 9*v + 5. What is the tens digit of g(-6)?
7
Let h(c) = 2*c**2 - c + 2. Let l be h(4). Let a be (6/9)/((-186)/(-198) - 1). Let v = l - a. What is the tens digit of v?
4
Suppose 2*h - 4 = 0, -959 = -2*w + 5*h + 1571. What is the tens digit of w/26 + (-2)/(-13)?
4
Let x = -481 + 1027. What is the tens digit of x?
4
Let i(s) be the second derivative of s**4/4 + s**3/3 - 3*s**2 - 3*s. What is the tens digit of i(4)?
5
Let h(t) be the second derivative of -11*t**3/6 + 2*t**2 + 4*t. Let l be h(2). What is the units digit of (-3)/l - (-118)/12?
0
Suppose 76*w - 6 = 74*w. Suppose -w*j + 175 = -200. What is the units digit of j?
5
Let p = 52 - 9. What is the units digit of 1/(4/32)*p?
4
Let u(t) = -t**3 - 5*t**2 - t + 3. Let o be u(-5). What is the units digit of o*6/12 - (0 + -208)?
2
Let y(j) = -8*j - 5. Let w(l) = -5*l - 2 + 4*l + 3 - 2. Let p be w(1). What is the units digit of y(p)?
1
Suppose 0 = -12*y + 7*y + 335. Suppose 2*i = -2*x + 58, 0*i - 3*i = -2*x - y. What is the tens digit of i?
2
Suppose -15 + 37 = 2*w. Let h(c) = 21*c - 33. What is the units digit of h(w)?
8
What is the hundreds digit of ((-252)/8 + -5)*210/(-5)?
5
Suppose 0 = 3*a - 3*o - o + 14, -2*o + 18 = 4*a. Suppose a*y + 3*q = 145, 0*y + q = 2*y - 165. What is the units digit of y?
0
What is the units digit of (-2127518)/(-1407) + (-2)/21?
2
What is the hundreds digit of 3/(-4)*(-411936)/252?
2
Let w(f) = -3*f + 2*f - 5*f - 4. Let i be w(-3). What is the units digit of (-4)/((-16)/i)*2?
7
Let b(o) = -o + 237. What is the tens digit of b(-20)?
5
Let q(w) = -3*w**2 - 68*w + 18. What is the hundreds digit of q(-10)?
3
Let z(r) = -43*r + 36. What is the units digit of z(-11)?
9
Let l = -5 + 14. Let p = l - 4. Suppose -2*r + p*r = 93. What is the tens digit of r?
3
Let g = -68 - -62. Let k(u) = u**3 + 7*u**2 - u - 8. What is the tens digit of k(g)?
3
What is the hundreds digit of 8/(-6)*603/(-6)?
1
Suppose u + 21 = -4*v + 184, 2*u - 301 = -3*v. Let t = -91 + u. What is the units digit of t?
2
Let i = -81 - -150. Suppose 3*p + 2*r = -109, -67 = 5*p + 3*r + 116. Let u = p + i. What is the units digit of u?
0
Let z = 81 - 3. Let s = z - 50. What is the units digit of s?
8
Let r(w) be the third derivative of 7*w**6/12 - w**5/30 + w**4/12 - w**3/6 - 13*w**2. What is the units digit of r(1)?
9
What is the units digit of (-2)/5*(-1000 + 5)?
8
Suppose m + 0 = -2. Let v = -2 + m. What is the tens digit of 18/(3/(-8)*v)?
1
Let j(w) = 2*w**3 + 4*w**2 - w + 12. What is the tens digit of j(5)?
5
Let n(d) = -33*d - 22. What is the tens digit of n(-5)?
4
Suppose -4*x - 3*b - 2*b - 75 = 0, 4*b - 4 = 0. Suppose -2*s + 48 = -s + 2*q, -2*s + 4*q + 128 = 0. Let l = x + s. What is the units digit of l?
6
Let s = 59 - 55. Suppose -4*b = s*p - 608, -7*b = 2*p - 3*b - 294. What is the units digit of p?
7
Let h(a) = -2*a + 12. Let s be h(6). Let p = s - -16. Suppose -p + 0 = -l. What is the tens digit of l?
1
Let h(l) be the second derivative of l**5/60 + l**4/24 - l**3 - 3*l**2/2 - 2*l. Let z(p) be the first derivative of h(p). What is the uni